{"id":58,"date":"2026-04-14T17:04:08","date_gmt":"2026-04-14T17:04:08","guid":{"rendered":"https:\/\/assurlys.com\/?page_id=58"},"modified":"2026-04-15T10:01:54","modified_gmt":"2026-04-15T10:01:54","slug":"mentions-legales","status":"publish","type":"page","link":"https:\/\/assurlys.com\/?page_id=58","title":{"rendered":"Mentions l\u00e9gales"},"content":{"rendered":"\t\t<div data-elementor-type=\"wp-page\" data-elementor-id=\"58\" class=\"elementor elementor-58\">\n\t\t\t\t\t\t<section class=\"elementor-section elementor-top-section elementor-element elementor-element-3fa2a15e elementor-hidden-desktop elementor-hidden-tablet elementor-section-boxed elementor-section-height-default elementor-section-height-default\" data-id=\"3fa2a15e\" data-element_type=\"section\" data-e-type=\"section\">\n\t\t\t\t\t\t<div class=\"elementor-container elementor-column-gap-default\">\n\t\t\t\t\t<div class=\"elementor-column elementor-col-100 elementor-top-column elementor-element elementor-element-25803ec\" data-id=\"25803ec\" data-element_type=\"column\" data-e-type=\"column\">\n\t\t\t<div class=\"elementor-widget-wrap elementor-element-populated\">\n\t\t\t\t\t\t<div class=\"elementor-element elementor-element-4a498d8e elementor-widget elementor-widget-image\" data-id=\"4a498d8e\" data-element_type=\"widget\" data-e-type=\"widget\" data-widget_type=\"image.default\">\n\t\t\t\t\t\t\t\t\t\t\t\t\t\t\t\t<a href=\"http:\/\/lp.prestassur.com\/rac\">\n\t\t\t\t\t\t\t<img decoding=\"async\" src=\"https:\/\/assurlys.com\/wp-content\/plugins\/elementor\/assets\/images\/placeholder.png\" title=\"\" alt=\"\" loading=\"lazy\" \/>\t\t\t\t\t\t\t\t<\/a>\n\t\t\t\t\t\t\t\t\t\t\t\t\t\t\t<\/div>\n\t\t\t\t<div class=\"elementor-element elementor-element-409d8bfb elementor-widget elementor-widget-spacer\" data-id=\"409d8bfb\" data-element_type=\"widget\" data-e-type=\"widget\" data-widget_type=\"spacer.default\">\n\t\t\t\t\t\t\t<div class=\"elementor-spacer\">\n\t\t\t<div class=\"elementor-spacer-inner\"><\/div>\n\t\t<\/div>\n\t\t\t\t\t\t<\/div>\n\t\t\t\t\t<\/div>\n\t\t<\/div>\n\t\t\t\t\t<\/div>\n\t\t<\/section>\n\t\t\t\t<section class=\"elementor-section elementor-top-section elementor-element elementor-element-7e128aaf elementor-section-boxed elementor-section-height-default elementor-section-height-default\" data-id=\"7e128aaf\" data-element_type=\"section\" data-e-type=\"section\" data-settings=\"{&quot;background_background&quot;:&quot;classic&quot;}\">\n\t\t\t\t\t\t\t<div class=\"elementor-background-overlay\"><\/div>\n\t\t\t\t\t\t\t<div class=\"elementor-container elementor-column-gap-default\">\n\t\t\t\t\t<div class=\"elementor-column elementor-col-100 elementor-top-column elementor-element elementor-element-1bf715db\" data-id=\"1bf715db\" data-element_type=\"column\" data-e-type=\"column\">\n\t\t\t<div class=\"elementor-widget-wrap elementor-element-populated\">\n\t\t\t\t\t\t<div class=\"elementor-element elementor-element-6063d288 elementor-widget elementor-widget-heading\" data-id=\"6063d288\" data-element_type=\"widget\" data-e-type=\"widget\" data-widget_type=\"heading.default\">\n\t\t\t\t\t<h2 class=\"elementor-heading-title elementor-size-default\">MENTIONS LEGALES<\/h2>\t\t\t\t<\/div>\n\t\t\t\t\t<\/div>\n\t\t<\/div>\n\t\t\t\t\t<\/div>\n\t\t<\/section>\n\t\t\t\t<section class=\"elementor-section elementor-top-section elementor-element elementor-element-180a435e elementor-section-boxed elementor-section-height-default elementor-section-height-default\" data-id=\"180a435e\" data-element_type=\"section\" data-e-type=\"section\">\n\t\t\t\t\t\t<div class=\"elementor-container elementor-column-gap-default\">\n\t\t\t\t\t<div class=\"elementor-column elementor-col-100 elementor-top-column elementor-element elementor-element-19fbce21\" data-id=\"19fbce21\" data-element_type=\"column\" data-e-type=\"column\">\n\t\t\t<div class=\"elementor-widget-wrap elementor-element-populated\">\n\t\t\t\t\t\t<div class=\"elementor-element elementor-element-4ebfda2 elementor-widget elementor-widget-text-editor\" data-id=\"4ebfda2\" data-element_type=\"widget\" data-e-type=\"widget\" data-widget_type=\"text-editor.default\">\n\t\t\t\t\t\t\t\t\t<div class=\"elementor-element elementor-element-7278cad elementor-widget elementor-widget-heading\" data-id=\"7278cad\" data-element_type=\"widget\" data-e-type=\"widget\" data-widget_type=\"heading.default\"><h1 class=\"elementor-heading-title elementor-size-default\"><span style=\"font-size: 20.7636px; letter-spacing: -0.1px; text-wrap-mode: initial;\">\u00c9diteur du site<\/span><\/h1><\/div><div class=\"elementor-element elementor-element-c7d8267 elementor-widget elementor-widget-text-editor\" data-id=\"c7d8267\" data-element_type=\"widget\" data-e-type=\"widget\" data-widget_type=\"text-editor.default\"><p class=\"Paragraphe\"><span lang=\"FR\">L\u2019\u00e9dition du site www.assurlys.com est assur\u00e9e par la Soci\u00e9t\u00e9 MNET GROUPE INC au capital de 5000 euros, immatricul\u00e9e au RCS de LAVAL sous le num\u00e9ro 1173148413, dont le si\u00e8ge social est situ\u00e9 au 1876 boulevard des Laurentides suite 207 H7M2S4 LAVAL CANADA<\/span><\/p><p class=\"Paragraphe\"><span lang=\"FR\">Num\u00e9ro de t\u00e9l\u00e9phone +1 438-763-5006<\/span><\/p><p class=\"Paragraphe\"><span lang=\"FR\">Adresse e-mail : contact @ mnetgroupe.com.<\/span><\/p><p class=\"Paragraphe\"><span lang=\"FR\">Le Directeur de la publication est : Gabriel GOURMET<\/span><\/p><p class=\"Paragraphe\"><span lang=\"FR\">\u00a0<\/span><\/p><p class=\"Paragraphe\"><span lang=\"FR\">L\u2019h\u00e9bergeur du site www.comparya.com est la soci\u00e9t\u00e9 INMOTION HOSTING, dont le si\u00e8ge social est situ\u00e9 au Dr. Karsten Kinast, LL.M., either at the address KINAST Rechtsanwaltsgesellschaft mbH, Hohenzollernring 54, 50672 Cologne, avec le num\u00e9ro de t\u00e9l\u00e9phone : +49 (89) 3564717-71.<\/span><\/p><\/div>\t\t\t\t\t\t\t\t<\/div>\n\t\t\t\t<div class=\"elementor-element elementor-element-70f6b862 elementor-widget elementor-widget-text-editor\" data-id=\"70f6b862\" data-element_type=\"widget\" data-e-type=\"widget\" data-widget_type=\"text-editor.default\">\n\t\t\t\t\t\t\t\t\t<div style=\"width: 1140px; padding-right: 15px; padding-left: 15px; margin-right: auto; margin-left: auto; max-width: 1140px; color: #6c757d; font-family: Poppins, Roboto, Arial; font-size: 14.4px; font-style: normal; font-weight: 400;\">\n<div style=\"display: flex; flex-wrap: wrap; margin-right: -15px; margin-left: -15px;\">\n<div style=\"position: relative; width: 1140px; min-height: 1px; flex: 0 0 100%; max-width: 100%; border-bottom: 1px solid #f8f9fa !important; border-top-color: #f8f9fa !important; border-right-color: #f8f9fa !important; border-left-color: #f8f9fa !important; text-align: center;\">&nbsp;<\/div>\n<div style=\"position: relative; width: 1140px; min-height: 1px; flex: 0 0 100%; max-width: 100%; border-bottom: 1px solid #f8f9fa !important; border-top-color: #f8f9fa !important; border-right-color: #f8f9fa !important; border-left-color: #f8f9fa !important; text-align: center;\"><span style=\"color: #000000;\"><span style=\"font-size: 11.52px; font-weight: 400;\">\u00a92026 | | Tous droits r\u00e9serv\u00e9s<\/span><\/span><\/div>\n<p style=\"position: relative; width: 1140px; min-height: 1px; flex: 0 0 100%; max-width: 100%; border-bottom: 1px solid #f8f9fa !important; border-top-color: #f8f9fa !important; border-right-color: #f8f9fa !important; border-left-color: #f8f9fa !important; text-align: center;\"><a href=\"https:\/\/assurlys.com\/?page_id=58\" target=\"_blank\" rel=\"noopener\" style=\"letter-spacing: -0.1px; display: inline !important;\">Mentions l\u00e9gales<\/a><strong style=\"letter-spacing: -0.1px;\">&nbsp;|&nbsp;<\/strong><a href=\"https:\/\/assurlys.com\/?page_id=55\" target=\"_blank\" rel=\"noopener\" style=\"letter-spacing: -0.1px;\">Conditions G\u00e9n\u00e9rales d&#8217;utilisation<\/a><strong style=\"letter-spacing: -0.1px;\">&nbsp;|&nbsp;<\/strong><a href=\"https:\/\/assurlys.com\/?page_id=3\" target=\"_blank\" rel=\"noopener\" style=\"letter-spacing: -0.1px;\">Charte RGPD<\/a><strong style=\"letter-spacing: -0.1px;\">&nbsp;<\/strong><strong style=\"letter-spacing: -0.1px; display: inline !important;\">|<\/strong><a href=\"mailto:contact@assurlys.com\" target=\"_blank\" rel=\"noopener\" style=\"letter-spacing: -0.1px;\">Contactez-nous<\/a><strong style=\"letter-spacing: -0.1px;\">.<\/strong><\/p>\n<\/div>\n<\/div>\t\t\t\t\t\t\t\t<\/div>\n\t\t\t\t\t<\/div>\n\t\t<\/div>\n\t\t\t\t\t<\/div>\n\t\t<\/section>\n\t\t\t\t<\/div>\n\t\t","protected":false},"excerpt":{"rendered":"<p>MENTIONS LEGALES \u00c9diteur du site L\u2019\u00e9dition du site www.assurlys.com est assur\u00e9e par la Soci\u00e9t\u00e9 MNET GROUPE INC au capital de 5000 euros, immatricul\u00e9e au RCS de LAVAL sous le num\u00e9ro 1173148413, dont le si\u00e8ge social est situ\u00e9 au 1876 boulevard des Laurentides suite 207 H7M2S4 LAVAL CANADA Num\u00e9ro de t\u00e9l\u00e9phone +1 438-763-5006 Adresse e-mail : [&hellip;]<\/p>\n","protected":false},"author":1,"featured_media":0,"parent":0,"menu_order":0,"comment_status":"closed","ping_status":"closed","template":"elementor_canvas","meta":{"footnotes":""},"class_list":["post-58","page","type-page","status-publish","hentry"],"_links":{"self":[{"href":"https:\/\/assurlys.com\/index.php?rest_route=\/wp\/v2\/pages\/58","targetHints":{"allow":["GET"]}}],"collection":[{"href":"https:\/\/assurlys.com\/index.php?rest_route=\/wp\/v2\/pages"}],"about":[{"href":"https:\/\/assurlys.com\/index.php?rest_route=\/wp\/v2\/types\/page"}],"author":[{"embeddable":true,"href":"https:\/\/assurlys.com\/index.php?rest_route=\/wp\/v2\/users\/1"}],"replies":[{"embeddable":true,"href":"https:\/\/assurlys.com\/index.php?rest_route=%2Fwp%2Fv2%2Fcomments&post=58"}],"version-history":[{"count":12,"href":"https:\/\/assurlys.com\/index.php?rest_route=\/wp\/v2\/pages\/58\/revisions"}],"predecessor-version":[{"id":157,"href":"https:\/\/assurlys.com\/index.php?rest_route=\/wp\/v2\/pages\/58\/revisions\/157"}],"wp:attachment":[{"href":"https:\/\/assurlys.com\/index.php?rest_route=%2Fwp%2Fv2%2Fmedia&parent=58"}],"curies":[{"name":"wp","href":"https:\/\/api.w.org\/{rel}","templated":true}]}}